ate the greatest common divisor of n and 40.
8
Suppose 0 = 8*x - 5*x - 39. Calculate the highest common factor of 91 and x.
13
Suppose -11 = -i - 3*d, 3*d + d = 3*i - 20. Let b = i - -1. Calculate the greatest common divisor of 36 and b.
9
Suppose -3*d = -4 - 5. Let v = d - -1. Suppose -4*y + 112 = 4*s, 4*s + 2*y - 120 = -0*s. What is the highest common divisor of s and v?
4
Let a(i) = 7*i + 3. Let x(s) = -20*s - 9. Let m(h) = -17*a(h) - 6*x(h). Let f be m(4). Calculate the highest common factor of 35 and f.
7
Suppose -3*x + q + 17 = -0*x, -19 = -5*x - 3*q. Suppose -x*h + 7 = -c, -4*c = -2*h - 2*h - 4. What is the greatest common divisor of 8 and h?
2
Let g = -69 + 109. Let p be (6/(-7))/((-5)/70). Suppose 2*m + p = 3*t - 28, -t = -m - 15. What is the greatest common factor of g and t?
10
Let a(b) = 30*b + 7. Let h be a(6). Let p = 4 - 2. Let u be 1 + ((-32)/(-1))/p. Calculate the highest common factor of h and u.
17
Let t be ((-8)/(-6))/((-6)/(-27)). Let p be 1926/54 - (-2)/t. Let v = 0 + 24. Calculate the greatest common divisor of p and v.
12
Let c(v) = -3*v - 20. Let k be c(-8). Calculate the highest common divisor of 28 and k.
4
Suppose 2*p - 4*v + 10 = 0, -4*p + 2*v - 5*v = -2. Let y be 9/(-27) + p/(-3). Suppose y = q + 12 - 34. What is the greatest common divisor of 33 and q?
11
Let y = 75 - 35. What is the greatest common divisor of y and 20?
20
Let r = 2 - 0. Suppose 14 = 2*k - 2*c, -r*c - 5 = k + c. Let i be 18 - (-6)/(-9)*-3. What is the highest common factor of i and k?
4
Let c be (-8)/32 + (-18)/(-8). Suppose c*o = -2, 0*o - 2*o = -2*n + 4. Suppose n = 3*r - 62. What is the highest common factor of 63 and r?
21
Let k be ((-2)/(-3) - (-1760)/15) + 2. Calculate the highest common divisor of k and 15.
15
Suppose 0 = -0*p - 5*p + 180. Calculate the greatest common divisor of p and 9.
9
Suppose -15*d + 14*d + 4*z = 9, 5*d - z - 50 = 0. Let k be 4/(-10) - 497/(-5). Calculate the greatest common divisor of d and k.
11
Let m be (-855)/38*8/(-10). What is the greatest common divisor of 54 and m?
18
Suppose 2*b - 64 = -0*b. What is the greatest common divisor of 4 and b?
4
Suppose -4*n + 5*n = 18. Suppose g - 3*g = -48. Let s = -15 + g. Calculate the highest common factor of s and n.
9
Let s be 11/3 + 8/(-12). Let f(b) = 4*b + 1. Let o be f(s). What is the highest common divisor of o and 13?
13
Let b be ((-330)/4)/(-11) + 3/2. Calculate the highest common divisor of 225 and b.
9
Suppose -2*c - 3*c + 3*x = -62, -2*c + 3*x = -32. What is the highest common factor of 130 and c?
10
Let k(i) = 2*i**3 - 3*i**2 - 5. Let q be k(4). Let s be 58/4 + (-12)/8. Let n = s - -2. What is the greatest common factor of n and q?
15
Let g be ((-64)/10)/((-2)/10). Let m(n) = -2*n - 31. Let v be m(0). Let w = -15 - v. Calculate the greatest common factor of w and g.
16
Let n = -11 + 7. Let y(b) = b**2 + 2*b - 5. Let w be y(n). Suppose 0 = 3*t, -15 - 3 = -w*m + 3*t. Calculate the highest common factor of m and 42.
6
Let f(w) = w**2. Let s be f(3). Let h(a) = 41*a - 288. Let l be h(9). Calculate the highest common divisor of s and l.
9
Let l be 2/(-10) + (-4)/(-20). Suppose l = -u + 5*u - 64. Calculate the highest common divisor of u and 128.
16
Let r = -39 - -65. Suppose 4*l + r - 90 = 0. Calculate the greatest common factor of l and 2.
2
Suppose 136 = d + 1. What is the highest common factor of 15 and d?
15
Let z(t) = -3*t + 14. Let d(q) = -q. Let p(l) = -4*d(l) + z(l). Let o be p(-9). What is the greatest common divisor of o and 35?
5
Suppose 2*o + 38 = -5*s - 0*o, s - 4*o = -12. Let i = s + 15. What is the greatest common divisor of 21 and i?
7
Let m be -9*((-2)/(-6) + -2). Let h = 11 - 16. Let x(f) = -f**2 - 7*f - 4. Let k be x(h). Calculate the greatest common factor of m and k.
3
Let x(q) = 2*q - 7. Let b be x(5). Suppose -b*s + 16 = -2*c, 2*s - 5*c - 26 + 8 = 0. Suppose 17 = s*z - 15. Calculate the highest common divisor of 16 and z.
8
Suppose 8*j - 3*j - 15 = 0. Suppose -3*f + 145 = -2*k, f + 2*k + 94 = j*f. Calculate the highest common divisor of f and 34.
17
Suppose -21 = -3*m + 12. Calculate the highest common divisor of m and 1.
1
Let i be 2 + -10*(-10)/4. Suppose a - 3*q = 99 - i, 360 = 5*a + 5*q. Suppose w + a = 5*w. What is the greatest common divisor of w and 9?
9
Suppose -5*y = -y + 20. Let h = 21 + y. What is the highest common divisor of 32 and h?
16
Suppose 4*i - 3*i - 21 = 2*m, 0 = -i - 5*m. Calculate the highest common factor of 15 and i.
15
Let a be 970/20 + 2/(-4). Calculate the greatest common factor of a and 32.
16
Let m(o) = o**3 + 11*o**2 + o + 1. Let u be m(-11). Let i be (9 + 3)/((-4)/u). Calculate the greatest common factor of i and 20.
10
Suppose u - 201 = -4*j, -7*u + 210 = 4*j - 9*u. Calculate the greatest common divisor of 3 and j.
3
Let l = 16 - 2. What is the greatest common factor of 112 and l?
14
Let p = -17 + 23. What is the highest common factor of 6 and p?
6
Let h = 14 + -7. Suppose 0 = -4*v + v + 9. Suppose v*c + 30 = 5*n + 2*c, n + 13 = 4*c. Calculate the highest common factor of n and h.
7
Let t(d) = 3*d + 9. Suppose 0 = 2*w - 4 + 16. Let f be t(w). Let k be -143*(2 - f/(-3)). What is the highest common divisor of k and 13?
13
Let w = 31 + 65. Calculate the greatest common divisor of w and 240.
48
Let p(y) = y**2 - 9*y - 8. Let d be p(10). Let r be (-90)/(-24)*(2 + d). What is the highest common factor of r and 15?
15
Suppose -6 - 3 = -3*j. Suppose y + 5*w - 18 = 0, 0 = -j*w + 2 + 10. Let d be 52/16 + y/8. What is the highest common divisor of d and 6?
3
Suppose w + d - 40 = -3*w, 0 = 2*w + 4*d - 6. Suppose 46 + 4 = 4*c - 3*f, -43 = -3*c + 5*f. Calculate the greatest common divisor of w and c.
11
Suppose -6*k + 26 = -4. Calculate the highest common divisor of k and 55.
5
Let q = 7 - 3. Let j be (1 - -1)*675/10. Suppose 3*c + 11 = -q, d - 5*c = j. Calculate the greatest common divisor of 11 and d.
11
Let o = -7 + 22. Let y = 402 + -237. Calculate the highest common divisor of y and o.
15
Suppose 5*h - 2*h = 51. Let j = -8 + h. Let g be (1 - 3)/((-4)/18). What is the greatest common divisor of g and j?
9
Let l be (-3 + 3)/(2 - 4). Suppose -2*u = -l - 4. Let z be (-4)/18 - 60/(-27). What is the highest common divisor of u and z?
2
Suppose -4*g - 28 + 292 = 4*c, -2*c + g = -123. What is the highest common factor of c and 441?
63
Suppose -2*s + q + 212 = -7*s, -58 = s - 5*q. Let a = 115 + s. What is the greatest common factor of a and 48?
24
Let y be 4/(-6) - (-26)/3. Suppose -w + 6 = 1. Suppose 0*h + 2*q - 86 = -2*h, -w*q = h - 55. What is the greatest common factor of h and y?
8
Let a = 994 + -1448. Let t be (-1)/(-4) + a/(-8). Calculate the greatest common divisor of t and 19.
19
Let f(h) be the first derivative of -h**2/2 + 6*h + 2. Let l be f(-7). Let v(q) = -21*q - 9. Let x be v(-6). Calculate the greatest common divisor of l and x.
13
Let t = 108 - 52. Let z be (1*-14)/(1 - 0). Let d = -7 - z. What is the highest common factor of t and d?
7
Suppose 79*w + 6 = 80*w. What is the greatest common divisor of 12 and w?
6
Let d = -161 + 171. Calculate the greatest common divisor of d and 220.
10
Let p(s) = s**3 - 4*s**2 - 4*s + 8. Let a = -5 - -11. Let o be p(a). What is the highest common divisor of o and 7?
7
Let k(x) = -x**3 + 10*x**2 + 5*x - 7. Let y be k(10). What is the highest common divisor of y and 473?
43
Let r(q) = q**2 - 6*q + 7. Let w be r(5). What is the greatest common factor of w and 14?
2
Suppose 4*w = 20 + 136. Let u(c) = 11*c**2 + c. Let z be u(-2). Suppose 3*k - 12 - 12 = 3*p, 4*k - 2*p = z. What is the greatest common factor of w and k?
13
Let w = -1 - -3. Let x be (36/15)/(w/10). Calculate the greatest common divisor of x and 84.
12
Let r be (-2 - -7)*(-4)/(-5). Let p = r - 3. Let u = p - -1. What is the highest common divisor of u and 4?
2
Suppose 38 = 5*g - m, -2*g - 5*m + 46 - 20 = 0. Suppose 5*a + g = 43. What is the greatest common divisor of a and 1?
1
Let k = -32 + 47. Suppose k = 2*g - 3*w, 0 = -5*g + g + 5*w + 35. Let i be 95/g - (-2)/3. Calculate the highest common factor of i and 21.
7
Suppose -5*q = -131 + 51. What is the highest common divisor of 4 and q?
4
Let n be (-1)/4 - (-388)/16. Let i be 1 + (-2 - 4)/(-3). What is the greatest common divisor of i and n?
3
Let b(t) = -28*t**3 - 